*r + 39168. What are the prime factors of r?
2, 3, 17
Suppose 0 = 12*s - 72886 + 7882. List the prime factors of s.
5417
Suppose 3951 = -19*s + 51603. List the prime factors of s.
2, 3, 11, 19
Let b(k) = -21*k + 4. Let t(a) = 22*a - 5. Let q(y) = 6*b(y) + 5*t(y). Let i be 20/(-10) - (0 - 1). What are the prime factors of q(i)?
3, 5
Let v = -189 + 454. List the prime factors of v.
5, 53
Let n(p) = 24*p**2 + 3*p + 6. What are the prime factors of n(3)?
3, 7, 11
Let v = 6 + -16. List the prime factors of 6/2 - (v - 82).
5, 19
Let p = 13 + -4. Suppose p*f - 4*f - 25 = 0. Suppose f*b - 80 + 10 = 0. List the prime factors of b.
2, 7
Let l = -40 + -6. Let a = -76 - l. Let n = -6 - a. List the prime factors of n.
2, 3
Let q(t) = -6*t**2 + 3*t + 2. Let j(u) = -u**2. Let l(w) = -6*j(w) - q(w). List the prime factors of l(3).
97
Let s = 370 + 86. Let c = 664 - s. List the prime factors of c.
2, 13
Suppose 934 = 2*y + 5*h - 0*h, 0 = -5*y - h + 2312. List the prime factors of y.
2, 3, 7, 11
Let r(w) = w**3 + 11*w**2 + w + 19. Let a be r(-11). Suppose 3*s + 830 = a*s. List the prime factors of s.
2, 83
What are the prime factors of 11 + -15 - (3 + 9801/(-3))?
2, 5, 163
Let z(b) = 16*b**2 + 21*b + 25. List the prime factors of z(-9).
2, 283
Suppose 3783*r = 3778*r + 25695. What are the prime factors of r?
3, 571
Let t(o) = 24*o + 6 + 3 - 5. List the prime factors of t(1).
2, 7
Suppose 4*r = -b - 4, 2*b - 1 = -2*r - 3. Let n be (1 + 1)/(8/(-64)). Let s = b - n. List the prime factors of s.
2
Let t be ((-6)/4)/(18/(-24)). Suppose -t*b + b + 4 = 0. Suppose -b*m + 185 = -3*c - 0, -2*m + 110 = 2*c. List the prime factors of m.
2, 5
Suppose 2*q - 7 = 3*i + 10, 0 = 4*i + q + 30. List the prime factors of (-2)/(-7) + 23/i + 120.
3, 13
Let y = -17 - -16. Let l be ((-16)/(-12) + y)*9. Let r = 38 - l. List the prime factors of r.
5, 7
Let q(m) = m + 5. Let w be q(-4). Suppose -w - 53 = -2*a. List the prime factors of a.
3
Let s(z) = 3*z**2 + 0*z + 2*z**2 + 3*z - 2. What are the prime factors of s(-4)?
2, 3, 11
Let j = 10 + 61. Suppose -j - 157 = -6*a. What are the prime factors of a?
2, 19
Let q be (-6)/(-15) - 48/(-30). Let u be 0/((2 + q)/(-4)). Suppose u = -3*c + c + 88. List the prime factors of c.
2, 11
Let y be 2 + (4/(-8) - 132/(-8)). Let l(o) = o + 4. List the prime factors of l(y).
2, 11
Let t = 5 + -3. Let i be (0/3 - -14)/t. Suppose 5*u = i*c - 3*c + 68, -4*c + 76 = 4*u. List the prime factors of u.
2
Suppose -10*l - 9*l = -20881. List the prime factors of l.
7, 157
Let l = 643 - -654. What are the prime factors of l?
1297
Let y(p) = -p**3 + 4*p**2 + 8*p - 7. Let g be y(5). Let c be 2*(3 - 4/g). Let b(x) = 3*x**2 - 5*x - 12. What are the prime factors of b(c)?
2, 19
Suppose -j = 5*x - 30, 2*j = -0*x - 2*x + 20. Suppose t + x*o - 115 = 0, 5*t - 345 = o + 334. List the prime factors of t.
3, 5
Suppose -4*r + 578 = -3654. List the prime factors of r.
2, 23
Let u(a) = 63*a - 1. Let y be u(1). Let w = y + -89. List the prime factors of (12/(-9))/(6/w).
2, 3
Let a(h) = h**3 - 7*h**2 - h + 6. Let m be a(7). Let x = -5 + m. Let d(g) = -8*g - 5. What are the prime factors of d(x)?
43
Suppose -141122 = 102*t - 143*t. List the prime factors of t.
2, 1721
Let l(u) be the third derivative of 0 - 3*u**2 - 1/8*u**4 + 0*u + 4/3*u**3. What are the prime factors of l(-5)?
23
Let y(i) = 129*i + 11. List the prime factors of y(10).
1301
Suppose 9*q - 3*x = 10*q - 341, -3*x = 5*q - 1669. List the prime factors of q.
2, 83
Let x(z) = z**2 - 9*z - 9. Let n be (-9 - 2)/(-1*1). List the prime factors of x(n).
13
Suppose 216 = -0*t - 4*t. Let x = t - -109. What are the prime factors of x?
5, 11
Let z(o) = o**2 + 2*o - 3. Let a be z(-3). Suppose -x - 3*x - 32 = a. Let q = 37 + x. What are the prime factors of q?
29
Let l = 1451 - 156. List the prime factors of l.
5, 7, 37
Let r = 1394 - -25. What are the prime factors of r?
3, 11, 43
Let h = -2567 + 5000. List the prime factors of h.
3, 811
Let m = -77 + 80. Suppose -y + f = -22, y = -m*y + 3*f + 93. What are the prime factors of y?
3
Suppose 0 = -24*r + 51228 - 18540. List the prime factors of r.
2, 3, 227
Let p(y) = -y**3 + 17*y**2 - 8*y - 58. List the prime factors of p(11).
2, 5, 29
Let i = 1412 - -388. What are the prime factors of i?
2, 3, 5
Suppose -2*x - 5*p = -p + 28, 0 = 5*x - 3*p + 18. List the prime factors of (-4 + 1)/(x/432).
2, 3
Let d(k) = 22*k**3 - 13*k**2 - 11*k + 16. Let v(j) = -15*j**3 + 9*j**2 + 7*j - 11. Let r(t) = 5*d(t) + 7*v(t). What are the prime factors of r(3)?
2, 3, 17
Let d(v) be the first derivative of 23*v**6/360 - v**5/60 - v**4/24 - v**3/3 - 2. Let z(w) be the third derivative of d(w). List the prime factors of z(-1).
2, 3
Let f = 2396 - -2010. What are the prime factors of f?
2, 2203
Let b = -15 - -50. Let y = b + -31. Suppose 0 = -5*j - 4*d + 49, y*d - 10 - 21 = -3*j. List the prime factors of j.
3
Suppose 5*u + 15 = 3*r + 2*u, 3*r - 4*u = 18. Let d be 5*(-1 + 2 - -1). Suppose -d = -r*s + 20. What are the prime factors of s?
3, 5
Let t(o) = -o**3 - o**2 - 4*o + 4. Let w be -9 + 4 + -1 - -3. What are the prime factors of t(w)?
2, 17
Let w be (6 + 0)*3/9. Let x be w + (-6 - 1)*7. Let u = -34 - x. List the prime factors of u.
13
Let n(t) = t**2 - 8*t + 368. List the prime factors of n(26).
2, 11, 19
Let i be (1 - -2)/((-9)/(-30)). Suppose 0*f + i = 5*f. Suppose z = 6*r - 2*r + 6, -f*r + 18 = 3*z. List the prime factors of z.
2, 3
Let k(m) = 2*m + 5. Let y be (-152)/20 + 6/10. Let g be k(y). Let v = g - -52. What are the prime factors of v?
43
Let b(v) = -v**3 + 30*v**2 - 48*v - 12. Let i = 26 + 2. List the prime factors of b(i).
2, 53
Let c(a) = -a + 8. Let i be c(8). Let d be (4 - 16)*(1 + i). Let h = d + 45. List the prime factors of h.
3, 11
Let p(x) = -108*x + 24. List the prime factors of p(-1).
2, 3, 11
Suppose -9*g = -11*g - 20. Let t = g + 0. Let q = 25 + t. List the prime factors of q.
3, 5
Let v be ((-6)/(-4))/(4*4/96). Let q = 14 + -24. Let c = v - q. List the prime factors of c.
19
What are the prime factors of -23*(-55)/22*(-276)/(-10)?
3, 23
Let h be -7 - 2*3/(-6). Let k(n) = -n**3 - 7*n**2 - 5*n + 16. Let d be k(h). Suppose 4*b = 2*c + 222, d = b + 3*c - 42. What are the prime factors of b?
5, 11
Let i = 891 - 773. What are the prime factors of i?
2, 59
Suppose h + 8 = 5*h. What are the prime factors of 107 + h - 52/(-13)?
113
Suppose -h + 1027 - 307 = 2*j, -2190 = -3*h + 4*j. List the prime factors of h.
2, 3, 11
Let i(p) = -237*p + 3*p**2 + 233*p - 7 - p**2. List the prime factors of i(7).
3, 7
Let s(f) = -19*f + f**2 - 5*f**3 + 14*f**3 + 19*f. Suppose 2 = 2*l - 0. List the prime factors of s(l).
2, 5
Let p = 50 - -150. Suppose 0 = -5*k + 50 + p. List the prime factors of k.
2, 5
Let n = -36 + 21. Let g be (-6)/(-45) - 793/n. Suppose 3*p = -2*j + g, -2*j = 2*p - 5*j - 44. What are the prime factors of p?
19
What are the prime factors of 3/(-4) + (-11435)/(-20)?
571
Let j(z) = 31*z - 3. Let t be j(3). Suppose t = 10*v - 4*v. What are the prime factors of v?
3, 5
Suppose -1382*o + 1387*o - 20 = 0. Let g = 189 + -108. Suppose -o*n + n = -g. List the prime factors of n.
3
Let s(k) = 3*k**3 - 3*k**2 + 2*k - 1. List the prime factors of s(5).
3, 103
Suppose 4*w - 5*d - 1465 = -473, -3*w + 733 = -d. List the prime factors of w.
3
Let b(y) = 5 - 30*y + 0 + 3. List the prime factors of b(-2).
2, 17
Suppose -3 = q - 8. Suppose 0 = -5*r - q*c + 45, -4 - 53 = -5*r + c. List the prime factors of r.
11
Let a = 110 - -107. Suppose a = -5*o + 22. Let g = -11 - o. What are the prime factors of g?
2, 7
Let c = 3123 - -185. List the prime factors of c.
2, 827
Suppose 4*y - 3*y + 3*l - 15 = 0, 2*y - 3*l = -6. Suppose q - 4 = 3*a, -y*a + 66 - 20 = 4*q. List the prime factors of 7/((-140)/(-48))*q.
2, 3
Let g be 16/12*3879/12. Let z = g - 231. What are the prime factors of z?
2, 5
Let s be (-5114)/(-14) + 6/(-21). Suppose -5*r + 10*r - s = 0. What are the prime factors of r?
73
Let l(s) = 3*s**3 + 3*s**2 - 7*s - 4. Let c be l(4). Suppose 7*p - 3*p = c. List the prime factors of p.
2, 13
Let y(h) = h**2 + 2*h + 1. Let s be y(-3). Suppose 2*m + 2*m - 325 = 3*t, -s*m + 326 = -2*t. Let a = -54 + m. List the prime factors of a.
2, 7
Suppose -6 = -5*o + 99. Suppose 3*d + 0*d - 132 = 0. Let w = d - o. List th